e factors of 29848258.
2, 11, 71, 97, 197
What are the prime factors of 365525763?
3, 131, 641, 1451
What are the prime factors of 10257707?
359, 28573
List the prime factors of 28776234.
2, 3, 4796039
What are the prime factors of 28212931?
1259, 22409
What are the prime factors of 6099114119?
7, 871302017
List the prime factors of 6728012.
2, 1009, 1667
What are the prime factors of 8046552?
2, 3, 335273
What are the prime factors of 5207553396?
2, 3, 131, 368077
What are the prime factors of 166548804?
2, 3, 43, 322769
List the prime factors of 774095617.
774095617
List the prime factors of 3763934674.
2, 17, 110703961
List the prime factors of 5144645145.
3, 5, 17, 31, 47, 61, 227
What are the prime factors of 635131266?
2, 3, 7, 11, 1374743
What are the prime factors of 92869416?
2, 3, 19, 397
What are the prime factors of 566297875?
5, 11, 13, 2437
List the prime factors of 133131241.
953, 139697
List the prime factors of 1337987256.
2, 3, 359, 155291
List the prime factors of 246881594.
2, 123440797
What are the prime factors of 102101739?
3, 61, 563, 991
What are the prime factors of 49186687?
11, 19, 157, 1499
List the prime factors of 1242758044.
2, 11, 28244501
What are the prime factors of 1629797097?
3, 79, 6876781
List the prime factors of 20323757.
269, 75553
What are the prime factors of 87209847?
3, 17, 59, 9661
List the prime factors of 1832888512.
2, 7, 13, 44959
What are the prime factors of 31621940?
2, 5, 7, 225871
List the prime factors of 53734792.
2, 53, 126733
List the prime factors of 101260376.
2, 7, 1151, 1571
What are the prime factors of 141107200?
2, 5, 13, 53
What are the prime factors of 442036103?
23, 835607
What are the prime factors of 1444417139?
11, 1217, 107897
What are the prime factors of 2652826478?
2, 79, 349, 48109
What are the prime factors of 17995086?
2, 3, 999727
List the prime factors of 133766349.
3, 113, 197, 2003
What are the prime factors of 952258868?
2, 11, 31, 63467
List the prime factors of 5101164552.
2, 3, 11, 47, 411119
What are the prime factors of 1000968943?
13, 76997611
What are the prime factors of 76016104?
2, 23, 127, 3253
List the prime factors of 1687483490.
2, 5, 7, 11, 2191537
List the prime factors of 83633321.
83633321
List the prime factors of 216847451.
10831, 20021
List the prime factors of 4745267059.
13, 7187, 50789
What are the prime factors of 466554415?
5, 3881, 24043
List the prime factors of 314607373.
131, 2401583
What are the prime factors of 828586285?
5, 523, 316859
List the prime factors of 22017409.
19, 29, 31, 1289
List the prime factors of 1959666407.
27031, 72497
List the prime factors of 29974919.
13, 2305763
What are the prime factors of 164546531?
23, 1721, 4157
List the prime factors of 98771214.
2, 3, 41, 151, 2659
List the prime factors of 9119636.
2, 193, 11813
List the prime factors of 54966027.
3, 2459, 7451
What are the prime factors of 12801073?
199, 64327
What are the prime factors of 1119941318?
2, 559970659
List the prime factors of 19223503.
13, 31, 47701
List the prime factors of 1992957001.
7, 197, 229, 6311
What are the prime factors of 85988691?
3, 43, 222193
What are the prime factors of 111665033?
19, 179, 32833
List the prime factors of 1805319948.
2, 3, 29, 1021, 5081
List the prime factors of 709255968.
2, 3, 23, 321221
List the prime factors of 2264768412.
2, 3, 149, 8501
List the prime factors of 724438858.
2, 11, 13, 230273
What are the prime factors of 146725832?
2, 11, 23, 72493
What are the prime factors of 26863228?
2, 7, 349, 2749
List the prime factors of 1468066084.
2, 19, 59, 327401
What are the prime factors of 97452225?
3, 5, 13, 33317
What are the prime factors of 208673?
208673
List the prime factors of 925530877.
925530877
What are the prime factors of 706863041?
4051, 174491
What are the prime factors of 1068483137?
61, 79, 221723
List the prime factors of 92906083.
9049, 10267
What are the prime factors of 4275232151?
4275232151
What are the prime factors of 1754770583?
17, 4001, 25799
List the prime factors of 93427954.
2, 17, 83, 33107
List the prime factors of 948538485.
3, 5, 41, 409, 419
List the prime factors of 12992529.
3, 11, 393713
List the prime factors of 89176851.
3, 719, 13781
List the prime factors of 623360378.
2, 83, 3755183
List the prime factors of 29610193.
61, 421, 1153
List the prime factors of 465083765.
5, 93016753
List the prime factors of 149446410.
2, 3, 5, 23, 59, 3671
What are the prime factors of 983681049?
3, 13, 193, 130687
List the prime factors of 710380339.
43, 16520473
List the prime factors of 3895758410.
2, 5, 211, 1846331
What are the prime factors of 808417130?
2, 5, 19, 101, 103, 409
What are the prime factors of 168763203?
3, 7, 18223
List the prime factors of 140822527.
103, 337, 4057
What are the prime factors of 2338445?
5, 467689
What are the prime factors of 382222424?
2, 17, 47, 59797
List the prime factors of 1602526745.
5, 320505349
What are the prime factors of 108672296?
2, 17, 799061
List the prime factors of 787066116.
2, 3, 65588843
List the prime factors of 3294984103.
3294984103
List the prime factors of 68946862.
2, 29, 179, 229
What are the prime factors of 133639188?
2, 3, 311, 35809
What are the prime factors of 104377291?
199, 524509
List the prime factors of 711851144.
2, 88981393
List the prime factors of 99705691.
43, 2318737
What are the prime factors of 893385869?
31, 2393, 12043
List the prime factors of 133806515.
5, 26761303
What are the prime factors of 11347384?
2, 1418423
What are the prime factors of 24980592?
2, 3, 7, 13, 19, 43
What are the prime factors of 37353865?
5, 7470773
List the prime factors of 96313291.
96313291
What are the prime factors of 1796631378?
2, 3, 607, 673, 733
What are the prime factors of 51853629?
3, 199, 86857
What are the prime factors of 3601068881?
29, 124174789
What are the prime factors of 1750887330?
2, 3, 5, 43, 53, 25609
List the prime factors of 92110655.
5, 7, 13, 202441
What are the prime factors of 159790003?
127, 9907
What are the prime factors of 306441954?
2, 3, 7, 13, 41
What are the prime factors of 282232529?
113, 2497633
List the prime factors of 960181839.
3, 8707, 12253
List the prime factors of 216285390.
2, 3, 5, 17, 113, 139
List the prime factors of 222896180.
2, 5, 13, 17, 211, 239
What are the prime factors of 811898057?
239, 3397063
What are the prime factors of 766506776?
2, 7, 53, 101, 2557
What are the prime factors of 65947803?
3, 19, 41, 28219
What are the prime factors of 184580924?
2, 11, 4195021
What are the prime factors of 636237633?
3, 157, 1350823
List the prime factors of 128742482.
2, 11, 113, 51787
What are the prime factors of 364026421?
11, 47, 151, 4663
What are the prime factors of 100301021?
6581, 15241
What are the prime factors of 1080850853?
19, 56886887
List the prime factors of 47409034.
2, 4099, 5783
List the prime factors of 379301140.
2, 5, 1289, 14713
What are the prime factors of 1087135227?
3, 17, 23, 308933
What are the prime factors of 77128861?
77128861
What are the prime factors of 981371470?
2, 5, 19, 5165113
List the prime factors of 64050815.
5, 17, 41, 18379
What are the prime factors of 48081599?
727, 66137
List the prime factors of 26363743.
7, 3766249
What are the prime factors of 3583438?
2, 19, 181, 521
What are the prime factors of 131600125?
5, 1052801
What are the prime factors of 6844259?
2447, 2797
What are the prime factors of 6709718?
2, 281, 11939
What are the prime factors of 2499338968?
2, 7, 44631053
List the prime factors of 179809268.
2, 44952317
What are the prime factors of 2595702?
2, 3, 331, 1307
List the prime factors of 333762373.
7, 6811477
List the prime factors of 1228433006.
2, 61, 2141, 4703
List the prime factors of 218837338.
2, 109, 1003841
What are the prime factors of 91943584?
2, 19, 97, 1559
What are the prime factors of 555185545?
5, 173, 641833
What are the prime factors of 2153736956?
2, 7, 227, 338851
List the prime factors of 113237468.
2, 53, 293, 1823
List the prime factors of 401445784.
2, 31, 1093, 1481
What are the prime factors of 212866353?
3, 7, 137, 8221
List the prime factors of 95716933.
13, 31, 109, 2179
List the prime factors of 47564724.
2, 3, 241, 16447
What are the prime factors of 87